ime factors of r?
2, 3, 179
Let z = -1430 + 3599. List the prime factors of z.
3, 241
Let g(s) = -13*s. Let j = 13 - 14. Let f be g(j). Suppose -5*u = z + 3 - 31, 5*u - f = 4*z. What are the prime factors of u?
5
Let n(q) = -q + 9. Let w be n(3). List the prime factors of (1116/15 - w/15) + 0.
2, 37
Suppose 14*q - 45 = 5*q. Suppose -11 = -j + 5*v + 5, -5*j + 4*v = -17. What are the prime factors of (2/q)/(j/65)?
2, 13
List the prime factors of -1*58/4*-34.
17, 29
Let q(p) = p**3 + p**2 + 93. Let v(k) = -k**3 - 4*k**2 + 13*k + 6. Let n be v(-6). List the prime factors of q(n).
3, 31
Let a(i) = i**3 + 7*i**2 - 9*i - 6. Let l be a(-8). Let c = 2 - l. Let n = c - -3. List the prime factors of n.
3
Suppose -3*j + 8*j = -5*z + 2735, 5*z = 3*j + 2711. List the prime factors of z.
2, 17
Let c(p) = 2*p**3 + 3*p**2 - 12*p - 27. Let m(o) = o**3 + 2*o**2 - 6*o - 13. Let z(l) = 4*c(l) - 9*m(l). What are the prime factors of z(-8)?
89
Let h = 17 - 41. Let i = 40 - h. What are the prime factors of i?
2
Let w(i) = i**3 + 15*i**2 - 3*i - 5. Suppose 3*n = p - 47, 2*p + 10 = 7*p. What are the prime factors of w(n)?
2, 5
Let s(o) be the third derivative of -7*o**5/120 - o**4/24 - 5*o**3/6 - o**2. Let h(g) be the first derivative of s(g). What are the prime factors of h(-2)?
13
Suppose 27*r = -10*r + 97088. What are the prime factors of r?
2, 41
Suppose -350 = 13*p - 9424. List the prime factors of p.
2, 349
Let i(m) = -m**3 + 4*m**2 + 2. Let x be i(5). Let f = 10 - x. What are the prime factors of f?
3, 11
Suppose -5*w = -5*i - 35, 6*i - 3*i = 4*w - 24. Suppose 24 = -w*q + 9. What are the prime factors of -2*((-270)/(-4))/q?
3
Let x(v) = v**2 + 4*v + 6. Let o be x(-4). Suppose -3*w + 14 = -7. List the prime factors of (0 - -34)*(w - o).
2, 17
Suppose 20 = -5*r, -6*m + 2*m - 4 = 2*r. Let w(b) be the first derivative of 19*b**4/4 - b**3/3 + b**2 - b - 1. List the prime factors of w(m).
19
Let f = 309 - -396. What are the prime factors of f?
3, 5, 47
Suppose -309 = -3*y + 4*y + 2*g, 5 = -g. Let n = y + 475. What are the prime factors of n?
2, 11
List the prime factors of (-25761)/(-12) - 60/80.
2, 29, 37
List the prime factors of -5 + (8 - 0) + 460.
463
Let g = -1372 + 2654. List the prime factors of g.
2, 641
Let x be ((-6)/3)/((-4)/(-10)). Let o = 6 + x. List the prime factors of o + (3 - 3) - -8.
3
Let q(f) = 17*f**2 + f. Let a = 1 + 0. List the prime factors of q(a).
2, 3
Suppose 4*q - 5*d = 705 + 2221, 3*q - d - 2200 = 0. List the prime factors of q.
2, 367
Let t = -267 + 569. List the prime factors of t.
2, 151
Let w(h) = -6*h**2 - 9*h - 1. Let v be w(5). Let d = -139 - v. Let o = -12 + d. What are the prime factors of o?
3, 5
Suppose 265 = 5*q - 40. Suppose -5*z = -436 + q. What are the prime factors of z?
3, 5
Let t = -63 + 71. Let j(i) = -i**3 - i**2 + i + 58. Let m be j(0). List the prime factors of ((-20)/t + 3)*m.
29
Let c = -1 - -5. Let d(n) = 19*n + 10*n - c*n. List the prime factors of d(2).
2, 5
Let f(c) be the third derivative of c**5/20 - 5*c**4/24 - 13*c**3/6 + 10*c**2. What are the prime factors of f(6)?
5, 13
Let t be 40/(-2)*(-5)/10. Let x(r) be the second derivative of -r**5/20 + 11*r**4/12 - r**3 - 3*r**2/2 + 5*r - 13. List the prime factors of x(t).
37
Let z(d) = 142*d - 150. What are the prime factors of z(4)?
2, 11, 19
Let o(c) = 962*c**2 + 26*c - 47. List the prime factors of o(2).
3853
Let b(g) = 62*g**2 - 1. Let t be b(-1). Suppose 4*z - 110 = -w, 0 = -5*z - 5*w + t + 69. List the prime factors of z*-4*(-3)/24.
2, 7
Suppose -6*i - 2 = -p - 2*i, 5*p = -5*i + 10. Suppose -4*z + p*o + 48 = -z, 0 = -2*z + 3*o + 32. What are the prime factors of z?
2
Suppose 20*f - 2024 = 576. What are the prime factors of f?
2, 5, 13
Let n = -201 + 605. Suppose -4*b + 0*m - 4*m = -n, -3*b = m - 295. What are the prime factors of b?
97
Let m(h) = 5*h - 8. Let f be m(4). Suppose -6*k + 72 = -2*k. Suppose 5*a = k + f. List the prime factors of a.
2, 3
List the prime factors of -42*150/(-12) - 2.
523
Let w be 1/(-1) - (-4)/2. Suppose w = -3*l + 13. Suppose f + 2*f = -s - 1, -l*s + 4*f = -44. List the prime factors of s.
2
Let x(l) = l**3 - 6*l**2 + 4*l + 2. Let y be x(5). Let u be (-4 + 1)*(0 + y). Suppose -4*c - 19 = 5*z - 55, -c + 2*z + u = 0. What are the prime factors of c?
3
Let r = 30 - 25. Suppose -2*g = -r*g. Let n(w) = -w**3 + w + 23. List the prime factors of n(g).
23
Let r = -90 + 93. Let q = 15 + 7. Suppose -z + r*z = q. What are the prime factors of z?
11
Suppose a - 2*v + 22 = -3*a, 0 = -4*v - 12. Let b = a - -8. What are the prime factors of (5/(-10))/(b/(-18))?
3
Let d = 17 + -15. Suppose 0*j = d*j. Suppose y + 4*o + 301 = 6*y, j = -5*o + 5. List the prime factors of y.
61
Suppose -124*a = -115*a - 21708. List the prime factors of a.
2, 3, 67
Suppose 3*q - 1144 - 542 = 0. List the prime factors of q.
2, 281
Let v = 1169 + -524. What are the prime factors of v?
3, 5, 43
Let i = -2 - 0. Let l(z) = -4*z - 3*z**2 - 5*z**3 - z**2 - 55 + 52. What are the prime factors of l(i)?
29
Suppose -3*f + 0*o - 1545 = 3*o, -5*f - o = 2567. Let p = -164 - f. What are the prime factors of p?
349
Suppose -3*j + 4*h = 3*h + 3, -15 = -2*j - 5*h. Suppose j = 4*f - 3*f - 4*t + 9, 3 = t. Suppose 2 - 11 = -f*x. What are the prime factors of x?
3
Let u be 10/12*-47 + 1/6. Suppose -23 = m - 2*o, -3*m - 2*o = 47 + 14. Let b = m - u. List the prime factors of b.
2, 3
Suppose 3 = -j + 2*j, 5*f + 2*j = 16. Suppose 2*d = -f*d + 480. What are the prime factors of d?
2, 3, 5
Suppose -23169 = -16*i - 1313. List the prime factors of i.
2, 683
Suppose 8*k = -98*k + 204262. List the prime factors of k.
41, 47
Let j be -2 + (-1 - -375)*1. Let u = j - 265. What are the prime factors of u?
107
Let g(r) = 43*r**2 + 9*r - 1. List the prime factors of g(-3).
359
Suppose -y - 4 = -0*y, 3*k = y - 11. List the prime factors of 106/k*20/(-8).
53
Suppose -6*k + 126 = -3*k - 4*m, -3*k + m = -126. Let q be (1/2)/((-2)/40). Let b = q + k. What are the prime factors of b?
2
Let y(z) = -9*z**3 - z**2 - z - 1. Let b be y(-1). Suppose -162 - 286 = -b*l. List the prime factors of l.
2, 7
Let i = 1805 - 566. What are the prime factors of i?
3, 7, 59
Let f(x) be the third derivative of -6*x**2 - 1/3*x**3 + 1/12*x**4 + 1/60*x**6 - 1/30*x**5 + 0 + 0*x. List the prime factors of f(3).
2, 5
Let o be (-90)/8 + 2/8. Let z = -99 - o. List the prime factors of -3 + 4 + z/(-2).
3, 5
Suppose -5*h + 21 = -r + 3*r, 6 = r + h. Suppose 0 = -r*s - 4*w + 57, 2*w = s + 7*w - 30. What are the prime factors of s?
3, 5
Let u(x) be the second derivative of 0 + 1/12*x**4 + 6*x**2 - 3/2*x**3 + x. What are the prime factors of u(9)?
2, 3
Suppose z - i - 5 = 0, 2*i + 12 = 2*z - 2*i. Suppose 4*b + 140 = -2*u + 6*u, 0 = 5*u + z*b - 157. List the prime factors of u.
3, 11
Suppose u - 335 = 3*m - 7*m, 5*u + 3*m = 1743. List the prime factors of u.
3, 13
Let n(s) = 2*s**3 - 8*s**2 + s + 10. Let a be n(5). Let x = a - 50. List the prime factors of x.
3, 5
Suppose 0*a = 5*a - 70. Suppose 84 = 2*r - a. Let v = -25 + r. List the prime factors of v.
2, 3
Suppose -5*c + 1060 + 130 = 0. Let m = c + -140. List the prime factors of m.
2, 7
Let d be (-22)/(-77) - ((-5)/7 + -1). Suppose 0 = -3*n - d*n - p + 886, 4*n + 5*p = 713. List the prime factors of n.
3, 59
Let w(g) = -6*g + 40. Let k be w(-6). Suppose i + 3*d = k, 2*i = 3*i - 2*d - 86. What are the prime factors of i?
2, 41
Let z = 6 - 16. Let s(n) = n**3 + 12*n**2 + 7*n - 3. Let u be s(z). Suppose 4*o + 31 = u. What are the prime factors of o?
2, 3
Let q(l) = 45*l**2 + 2*l + 4. Let b(y) = -23*y**2 - y - 2. Let i(n) = 11*b(n) + 6*q(n). Let d be ((-4)/10)/(4/(-20)). List the prime factors of i(d).
2, 3
Suppose 5*o + 0*l = 3*l + 2388, -5*o + 2420 = 5*l. Suppose -n - t + 97 = 0, 0*n = -5*n - 4*t + o. List the prime factors of n.
2, 23
Let h be ((-4)/2 + 0)*(-1 + 2). List the prime factors of 17288/80 - h/(-20).
2, 3
Let u be (75/50)/(-1*3/(-4)). Let r = u - -37. What are the prime factors of r?
3, 13
Suppose f + 4*f = 45. Suppose 2*m = -m + f. Suppose -7*u = -m*u - 176. List the prime factors of u.
2, 11
Let r = 73 + -73. Suppose r = -d + 164 + 41. What are the prime factors of d?
5, 41
Let f(n) = -79*n - 720. What are the prime factors of f(-25)?
5, 251
Suppose -b + 0 = -1. Let c be b